{"id":3759,"date":"2024-12-16T22:29:41","date_gmt":"2024-12-16T21:29:41","guid":{"rendered":"https:\/\/rerec.eu\/?page_id=3759"},"modified":"2025-07-26T11:55:36","modified_gmt":"2025-07-26T10:55:36","slug":"legal-notice","status":"publish","type":"page","link":"https:\/\/rerec.eu\/fr\/legal-notice\/","title":{"rendered":"Mentions l\u00e9gales"},"content":{"rendered":"<p><div class=\"fusion-fullwidth fullwidth-box fusion-builder-row-1 fusion-flex-container has-pattern-background has-mask-background nonhundred-percent-fullwidth non-hundred-percent-height-scrolling plain-text\" style=\"--awb-border-radius-top-left:0px;--awb-border-radius-top-right:0px;--awb-border-radius-bottom-right:0px;--awb-border-radius-bottom-left:0px;--awb-flex-wrap:wrap;\" ><div class=\"fusion-builder-row fusion-row fusion-flex-align-items-flex-start fusion-flex-content-wrap\" style=\"max-width:1591.2px;margin-left: calc(-4% \/ 2 );margin-right: calc(-4% \/ 2 );\"><div class=\"fusion-layout-column fusion_builder_column fusion-builder-column-0 fusion_builder_column_1_1 1_1 fusion-flex-column\" style=\"--awb-bg-size:cover;--awb-width-large:100%;--awb-margin-top-large:0px;--awb-spacing-right-large:1.92%;--awb-margin-bottom-large:20px;--awb-spacing-left-large:1.92%;--awb-width-medium:100%;--awb-order-medium:0;--awb-spacing-right-medium:1.92%;--awb-spacing-left-medium:1.92%;--awb-width-small:100%;--awb-order-small:0;--awb-spacing-right-small:1.92%;--awb-spacing-left-small:1.92%;\"><div class=\"fusion-column-wrapper fusion-column-has-shadow fusion-flex-justify-content-flex-start fusion-content-layout-column\"><h1>Mentions l\u00e9gales<\/h1> <p>ReRec GmbH<br \/> Leinestra\u00dfe 39<br \/> 24539 Neum\u00fcnster<\/p> <p>Registre du commerce : HRB 27126 KI<br \/> Tribunal d'enregistrement : Amtsgericht Kiel<\/p> <p><strong>Repr\u00e9sent\u00e9 par :<\/strong><br \/> Maximilian Rehage<\/p> <p><strong>Pr\u00e9sident du conseil de surveillance :<\/strong><br \/> Maximilian Rehage<\/p> <h2>Contact<\/h2> <p>T\u00e9l\u00e9phone : +49 04321 2067906<br \/> ou +49 04321 9655786<br \/> E-mail : info@rerec.eu<\/p> <h2>Num\u00e9ro d'identification TVA<\/h2> <p>Num\u00e9ro d'identification de la taxe sur la valeur ajout\u00e9e conform\u00e9ment \u00e0 l'article 27 a de la loi sur la taxe sur la valeur ajout\u00e9e :<br \/> DE369237637<\/p> <h2>Responsable \u00e9ditorial<\/h2> <p>Maximilian Rehage<br \/> Leinestra\u00dfe 39<br \/> 24539 Neum\u00fcnster<\/p> <h2>R\u00e9solution des litiges de l'UE<\/h2> <p>La Commission europ\u00e9enne fournit une plateforme de r\u00e9solution des litiges en ligne (ODR) : <a href=\"https:\/\/ec.europa.eu\/consumers\/odr\/\" target=\"_blank\" rel=\"noopener noreferrer\">https:\/\/ec.europa.eu\/consumers\/odr\/<\/a>.<br \/> Vous pouvez trouver notre adresse e-mail en haut dans les mentions l\u00e9gales.<\/p> <h2>R\u00e9solution des litiges devant un conseil d'arbitrage des consommateurs<\/h2> <p>Nous ne sommes pas dispos\u00e9s ou oblig\u00e9s de participer \u00e0 des proc\u00e9dures de r\u00e9solution des litiges devant un conseil d'arbitrage des consommateurs.<\/p><\/div><\/div><\/div><\/div><\/p>\n","protected":false},"excerpt":{"rendered":"","protected":false},"author":1,"featured_media":0,"parent":0,"menu_order":0,"comment_status":"closed","ping_status":"closed","template":"100-width.php","meta":{"footnotes":""},"class_list":["post-3759","page","type-page","status-publish","hentry"],"yoast_head":"<!-- This site is optimized with the Yoast SEO plugin v26.8 - https:\/\/yoast.com\/product\/yoast-seo-wordpress\/ -->\n<title>Mentions l\u00e9gales &#8211; ReRec GmbH<\/title>\n<meta name=\"robots\" content=\"index, follow, max-snippet:-1, max-image-preview:large, max-video-preview:-1\" \/>\n<link rel=\"canonical\" href=\"https:\/\/rerec.eu\/fr\/legal-notice\/\" \/>\n<meta property=\"og:locale\" content=\"fr_FR\" \/>\n<meta property=\"og:type\" content=\"article\" \/>\n<meta property=\"og:title\" content=\"Mentions l\u00e9gales &#8211; ReRec GmbH\" \/>\n<meta property=\"og:url\" content=\"https:\/\/rerec.eu\/fr\/legal-notice\/\" \/>\n<meta property=\"og:site_name\" content=\"ReRec GmbH\" \/>\n<meta property=\"article:publisher\" content=\"https:\/\/www.facebook.com\/profile.php?id=100063562990196#\" \/>\n<meta property=\"article:modified_time\" content=\"2025-07-26T10:55:36+00:00\" \/>\n<meta property=\"og:image\" content=\"https:\/\/rerec.eu\/wp-content\/uploads\/2025\/01\/rerec-leiterplatten-ankauf.jpg\" \/>\n\t<meta property=\"og:image:width\" content=\"1920\" \/>\n\t<meta property=\"og:image:height\" content=\"1080\" \/>\n\t<meta property=\"og:image:type\" content=\"image\/jpeg\" \/>\n<meta name=\"twitter:card\" content=\"summary_large_image\" \/>\n<meta name=\"twitter:label1\" content=\"Dur\u00e9e de lecture estim\u00e9e\" \/>\n\t<meta name=\"twitter:data1\" content=\"2 minutes\" \/>\n<script type=\"application\/ld+json\" class=\"yoast-schema-graph\">{\"@context\":\"https:\/\/schema.org\",\"@graph\":[{\"@type\":\"WebPage\",\"@id\":\"https:\/\/rerec.eu\/fr\/legal-notice\/\",\"url\":\"https:\/\/rerec.eu\/fr\/legal-notice\/\",\"name\":\"Mentions l\u00e9gales &#8211; ReRec GmbH\",\"isPartOf\":{\"@id\":\"https:\/\/rerec.eu\/fr\/#website\"},\"datePublished\":\"2024-12-16T21:29:41+00:00\",\"dateModified\":\"2025-07-26T10:55:36+00:00\",\"breadcrumb\":{\"@id\":\"https:\/\/rerec.eu\/fr\/legal-notice\/#breadcrumb\"},\"inLanguage\":\"fr-FR\",\"potentialAction\":[{\"@type\":\"ReadAction\",\"target\":[\"https:\/\/rerec.eu\/fr\/legal-notice\/\"]}]},{\"@type\":\"BreadcrumbList\",\"@id\":\"https:\/\/rerec.eu\/fr\/legal-notice\/#breadcrumb\",\"itemListElement\":[{\"@type\":\"ListItem\",\"position\":1,\"name\":\"Home\",\"item\":\"https:\/\/rerec.eu\/fr\/\"},{\"@type\":\"ListItem\",\"position\":2,\"name\":\"Mentions l\u00e9gales\"}]},{\"@type\":\"WebSite\",\"@id\":\"https:\/\/rerec.eu\/fr\/#website\",\"url\":\"https:\/\/rerec.eu\/fr\/\",\"name\":\"ReRec GmbH\",\"description\":\"Wir kaufen Elektronikschrott, Sonderlegierungen und Edelmetalle aller Art.\",\"publisher\":{\"@id\":\"https:\/\/rerec.eu\/fr\/#organization\"},\"alternateName\":\"ReRec Recycling\",\"potentialAction\":[{\"@type\":\"SearchAction\",\"target\":{\"@type\":\"EntryPoint\",\"urlTemplate\":\"https:\/\/rerec.eu\/fr\/?s={search_term_string}\"},\"query-input\":{\"@type\":\"PropertyValueSpecification\",\"valueRequired\":true,\"valueName\":\"search_term_string\"}}],\"inLanguage\":\"fr-FR\"},{\"@type\":\"Organization\",\"@id\":\"https:\/\/rerec.eu\/fr\/#organization\",\"name\":\"ReRec GmbH\",\"alternateName\":\"ReRec Recycling\",\"url\":\"https:\/\/rerec.eu\/fr\/\",\"logo\":{\"@type\":\"ImageObject\",\"inLanguage\":\"fr-FR\",\"@id\":\"https:\/\/rerec.eu\/fr\/#\/schema\/logo\/image\/\",\"url\":\"https:\/\/rerec.eu\/wp-content\/uploads\/2024\/12\/rerec-gmbh-recycling.svg\",\"contentUrl\":\"https:\/\/rerec.eu\/wp-content\/uploads\/2024\/12\/rerec-gmbh-recycling.svg\",\"width\":165,\"height\":50,\"caption\":\"ReRec GmbH\"},\"image\":{\"@id\":\"https:\/\/rerec.eu\/fr\/#\/schema\/logo\/image\/\"},\"sameAs\":[\"https:\/\/www.facebook.com\/profile.php?id=100063562990196#\"]}]}<\/script>\n<!-- \/ Yoast SEO plugin. -->","yoast_head_json":{"title":"Mentions l\u00e9gales &#8211; ReRec GmbH","robots":{"index":"index","follow":"follow","max-snippet":"max-snippet:-1","max-image-preview":"max-image-preview:large","max-video-preview":"max-video-preview:-1"},"canonical":"https:\/\/rerec.eu\/fr\/legal-notice\/","og_locale":"fr_FR","og_type":"article","og_title":"Mentions l\u00e9gales &#8211; ReRec GmbH","og_url":"https:\/\/rerec.eu\/fr\/legal-notice\/","og_site_name":"ReRec GmbH","article_publisher":"https:\/\/www.facebook.com\/profile.php?id=100063562990196#","article_modified_time":"2025-07-26T10:55:36+00:00","og_image":[{"width":1920,"height":1080,"url":"https:\/\/rerec.eu\/wp-content\/uploads\/2025\/01\/rerec-leiterplatten-ankauf.jpg","type":"image\/jpeg"}],"twitter_card":"summary_large_image","twitter_misc":{"Dur\u00e9e de lecture estim\u00e9e":"2 minutes"},"schema":{"@context":"https:\/\/schema.org","@graph":[{"@type":"WebPage","@id":"https:\/\/rerec.eu\/fr\/legal-notice\/","url":"https:\/\/rerec.eu\/fr\/legal-notice\/","name":"Mentions l\u00e9gales &#8211; ReRec GmbH","isPartOf":{"@id":"https:\/\/rerec.eu\/fr\/#website"},"datePublished":"2024-12-16T21:29:41+00:00","dateModified":"2025-07-26T10:55:36+00:00","breadcrumb":{"@id":"https:\/\/rerec.eu\/fr\/legal-notice\/#breadcrumb"},"inLanguage":"fr-FR","potentialAction":[{"@type":"ReadAction","target":["https:\/\/rerec.eu\/fr\/legal-notice\/"]}]},{"@type":"BreadcrumbList","@id":"https:\/\/rerec.eu\/fr\/legal-notice\/#breadcrumb","itemListElement":[{"@type":"ListItem","position":1,"name":"Home","item":"https:\/\/rerec.eu\/fr\/"},{"@type":"ListItem","position":2,"name":"Mentions l\u00e9gales"}]},{"@type":"WebSite","@id":"https:\/\/rerec.eu\/fr\/#website","url":"https:\/\/rerec.eu\/fr\/","name":"ReRec GmbH","description":"Wir kaufen Elektronikschrott, Sonderlegierungen und Edelmetalle aller Art.","publisher":{"@id":"https:\/\/rerec.eu\/fr\/#organization"},"alternateName":"ReRec Recycling","potentialAction":[{"@type":"SearchAction","target":{"@type":"EntryPoint","urlTemplate":"https:\/\/rerec.eu\/fr\/?s={search_term_string}"},"query-input":{"@type":"PropertyValueSpecification","valueRequired":true,"valueName":"search_term_string"}}],"inLanguage":"fr-FR"},{"@type":"Organization","@id":"https:\/\/rerec.eu\/fr\/#organization","name":"ReRec GmbH","alternateName":"ReRec Recycling","url":"https:\/\/rerec.eu\/fr\/","logo":{"@type":"ImageObject","inLanguage":"fr-FR","@id":"https:\/\/rerec.eu\/fr\/#\/schema\/logo\/image\/","url":"https:\/\/rerec.eu\/wp-content\/uploads\/2024\/12\/rerec-gmbh-recycling.svg","contentUrl":"https:\/\/rerec.eu\/wp-content\/uploads\/2024\/12\/rerec-gmbh-recycling.svg","width":165,"height":50,"caption":"ReRec GmbH"},"image":{"@id":"https:\/\/rerec.eu\/fr\/#\/schema\/logo\/image\/"},"sameAs":["https:\/\/www.facebook.com\/profile.php?id=100063562990196#"]}]}},"_links":{"self":[{"href":"https:\/\/rerec.eu\/fr\/wp-json\/wp\/v2\/pages\/3759","targetHints":{"allow":["GET"]}}],"collection":[{"href":"https:\/\/rerec.eu\/fr\/wp-json\/wp\/v2\/pages"}],"about":[{"href":"https:\/\/rerec.eu\/fr\/wp-json\/wp\/v2\/types\/page"}],"author":[{"embeddable":true,"href":"https:\/\/rerec.eu\/fr\/wp-json\/wp\/v2\/users\/1"}],"replies":[{"embeddable":true,"href":"https:\/\/rerec.eu\/fr\/wp-json\/wp\/v2\/comments?post=3759"}],"version-history":[{"count":22,"href":"https:\/\/rerec.eu\/fr\/wp-json\/wp\/v2\/pages\/3759\/revisions"}],"predecessor-version":[{"id":11492,"href":"https:\/\/rerec.eu\/fr\/wp-json\/wp\/v2\/pages\/3759\/revisions\/11492"}],"wp:attachment":[{"href":"https:\/\/rerec.eu\/fr\/wp-json\/wp\/v2\/media?parent=3759"}],"curies":[{"name":"wp","href":"https:\/\/api.w.org\/{rel}","templated":true}]}}

Mentions légales

<p><div class="fusion-fullwidth fullwidth-box fusion-builder-row-1 fusion-flex-container has-pattern-background has-mask-background nonhundred-percent-fullwidth non-hundred-percent-height-scrolling plain-text" style="--awb-border-radius-top-left:0px;--awb-border-radius-top-right:0px;--awb-border-radius-bottom-right:0px;--awb-border-radius-bottom-left:0px;--awb-flex-wrap:wrap;" ><div class="fusion-builder-row fusion-row fusion-flex-align-items-flex-start fusion-flex-content-wrap" style="max-width:1591.2px;margin-left: calc(-4% / 2 );margin-right: calc(-4% / 2 );"><div class="fusion-layout-column fusion_builder_column fusion-builder-column-0 fusion_builder_column_1_1 1_1 fusion-flex-column" style="--awb-bg-size:cover;--awb-width-large:100%;--awb-margin-top-large:0px;--awb-spacing-right-large:1.92%;--awb-margin-bottom-large:20px;--awb-spacing-left-large:1.92%;--awb-width-medium:100%;--awb-order-medium:0;--awb-spacing-right-medium:1.92%;--awb-spacing-left-medium:1.92%;--awb-width-small:100%;--awb-order-small:0;--awb-spacing-right-small:1.92%;--awb-spacing-left-small:1.92%;"><div class="fusion-column-wrapper fusion-column-has-shadow fusion-flex-justify-content-flex-start fusion-content-layout-column"><h1>Mentions légales</h1> <p>ReRec GmbH<br /> Leinestraße 39<br /> 24539 Neumünster</p> <p>Registre du commerce : HRB 27126 KI<br /> Tribunal d'enregistrement : Amtsgericht Kiel</p> <p><strong>Représenté par :</strong><br /> Maximilian Rehage</p> <p><strong>Président du conseil de surveillance :</strong><br /> Maximilian Rehage</p> <h2>Contact</h2> <p>Téléphone : +49 04321 2067906<br /> ou +49 04321 9655786<br /> E-mail : info@rerec.eu</p> <h2>Numéro d'identification TVA</h2> <p>Numéro d'identification de la taxe sur la valeur ajoutée conformément à l'article 27 a de la loi sur la taxe sur la valeur ajoutée :<br /> DE369237637</p> <h2>Responsable éditorial</h2> <p>Maximilian Rehage<br /> Leinestraße 39<br /> 24539 Neumünster</p> <h2>Résolution des litiges de l'UE</h2> <p>La Commission européenne fournit une plateforme de résolution des litiges en ligne (ODR) : <a href="https://ec.europa.eu/consumers/odr/" target="_blank" rel="noopener noreferrer">https://ec.europa.eu/consumers/odr/</a>.<br /> Vous pouvez trouver notre adresse e-mail en haut dans les mentions légales.</p> <h2>Résolution des litiges devant un conseil d'arbitrage des consommateurs</h2> <p>Nous ne sommes pas disposés ou obligés de participer à des procédures de résolution des litiges devant un conseil d'arbitrage des consommateurs.</p></div></div></div></div></p>

<!-- This site is optimized with the Yoast SEO plugin v26.8 - https://yoast.com/product/yoast-seo-wordpress/ -->
<title>Mentions légales &#8211; ReRec GmbH</title>
<meta name="robots" content="index, follow, max-snippet:-1, max-image-preview:large, max-video-preview:-1" />
<link rel="canonical" href="https://rerec.eu/fr/legal-notice/" />
<meta property="og:locale" content="fr_FR" />
<meta property="og:type" content="article" />
<meta property="og:title" content="Mentions légales &#8211; ReRec GmbH" />
<meta property="og:url" content="https://rerec.eu/fr/legal-notice/" />
<meta property="og:site_name" content="ReRec GmbH" />
<meta property="article:publisher" content="https://www.facebook.com/profile.php?id=100063562990196#" />
<meta property="article:modified_time" content="2025-07-26T10:55:36+00:00" />
<meta property="og:image" content="https://rerec.eu/wp-content/uploads/2025/01/rerec-leiterplatten-ankauf.jpg" />
	<meta property="og:image:width" content="1920" />
	<meta property="og:image:height" content="1080" />
	<meta property="og:image:type" content="image/jpeg" />
<meta name="twitter:card" content="summary_large_image" />
<meta name="twitter:label1" content="Durée de lecture estimée" />
	<meta name="twitter:data1" content="2 minutes" />
<script type="application/ld+json" class="yoast-schema-graph">{"@context":"https://schema.org","@graph":[{"@type":"WebPage","@id":"https://rerec.eu/fr/legal-notice/","url":"https://rerec.eu/fr/legal-notice/","name":"Mentions légales &#8211; ReRec GmbH","isPartOf":{"@id":"https://rerec.eu/fr/#website"},"datePublished":"2024-12-16T21:29:41+00:00","dateModified":"2025-07-26T10:55:36+00:00","breadcrumb":{"@id":"https://rerec.eu/fr/legal-notice/#breadcrumb"},"inLanguage":"fr-FR","potentialAction":[{"@type":"ReadAction","target":["https://rerec.eu/fr/legal-notice/"]}]},{"@type":"BreadcrumbList","@id":"https://rerec.eu/fr/legal-notice/#breadcrumb","itemListElement":[{"@type":"ListItem","position":1,"name":"Home","item":"https://rerec.eu/fr/"},{"@type":"ListItem","position":2,"name":"Mentions légales"}]},{"@type":"WebSite","@id":"https://rerec.eu/fr/#website","url":"https://rerec.eu/fr/","name":"ReRec GmbH","description":"Wir kaufen Elektronikschrott, Sonderlegierungen und Edelmetalle aller Art.","publisher":{"@id":"https://rerec.eu/fr/#organization"},"alternateName":"ReRec Recycling","potentialAction":[{"@type":"SearchAction","target":{"@type":"EntryPoint","urlTemplate":"https://rerec.eu/fr/?s={search_term_string}"},"query-input":{"@type":"PropertyValueSpecification","valueRequired":true,"valueName":"search_term_string"}}],"inLanguage":"fr-FR"},{"@type":"Organization","@id":"https://rerec.eu/fr/#organization","name":"ReRec GmbH","alternateName":"ReRec Recycling","url":"https://rerec.eu/fr/","logo":{"@type":"ImageObject","inLanguage":"fr-FR","@id":"https://rerec.eu/fr/#/schema/logo/image/","url":"https://rerec.eu/wp-content/uploads/2024/12/rerec-gmbh-recycling.svg","contentUrl":"https://rerec.eu/wp-content/uploads/2024/12/rerec-gmbh-recycling.svg","width":165,"height":50,"caption":"ReRec GmbH"},"image":{"@id":"https://rerec.eu/fr/#/schema/logo/image/"},"sameAs":["https://www.facebook.com/profile.php?id=100063562990196#"]}]}</script>
<!-- / Yoast SEO plugin. -->

Mentions légales &#8211; ReRec GmbH
